- 9/h?
False
Let i(b) = -b**2 + 3*b + 2. Let q be i(3). Suppose 632 = 3*a - q*a + 5*c, 5*c - 1269 = -2*a. Is a a multiple of 85?
False
Suppose -7598 + 1685 = -3*l. Is l even?
False
Let h(u) = 2*u**2 - 6*u + 27. Let s be h(11). Let l be -120 - (-2)/3*-3. Let n = l + s. Does 27 divide n?
True
Let y(v) = -4*v + 12. Let h be y(2). Let r be -64 - (24/(-3) + h). Let z = -51 - r. Does 2 divide z?
False
Let n(x) = -18*x + 41. Let c be n(6). Let v = c - -39. Does 4 divide 2/(1 + 1 + 49/v)?
True
Let r(q) = 5394*q**2 - 57*q - 56. Is r(-1) a multiple of 5?
True
Let g = -547 - -537. Let w(b) = -3*b**3 - 28*b**2 - 4*b + 2. Is w(g) a multiple of 22?
True
Suppose 4*u + 66364 = 13*o, -2*o + 8*u = 4*u - 10220. Is 11 a factor of o?
True
Let p = -699 - -417. Let u = 498 + p. Is 36 a factor of u?
True
Let u(z) = -54*z + 165. Let m be u(-15). Let c = 1569 - m. Is 22 a factor of c?
True
Suppose 11*v - 10*v + 33 = 0. Let l be (v/22)/(1/(-2)). Suppose 2*o + 69 = l*o. Does 25 divide o?
False
Let j = 122 + 1747. Is 33 a factor of j?
False
Suppose 2*k = -13 + 5, 0 = 5*a + k - 96. Let d be 5/((-25)/a)*3. Is (d + 18)/((-3)/(-16)) a multiple of 8?
True
Suppose 7*p - 18611 - 5595 = 0. Suppose -704*a + 711*a - p = 0. Is a a multiple of 33?
False
Let l = 2409 + 2134. Is l a multiple of 59?
True
Suppose 2*b = 2*c - 12, 4*c = 2*b + 12 + 4. Does 5 divide 46 + -50 - (-8 + c)*4?
True
Is 29 a factor of (8056 + (1 - 0 - -5))*2/4?
True
Suppose -523 + 187 = 8*k. Is 7672/k*(-3)/4 a multiple of 18?
False
Suppose -2*w = 3*p - 397 - 26, -12 = -4*p. Let z = w - 181. Does 5 divide z?
False
Let l(i) = i**3 - 13*i**2 - 65*i - 31. Suppose 0 = 2*w - 2*c - 42, c - 8 = 3*c. Does 2 divide l(w)?
True
Suppose 130398 + 271010 = 448*i. Is 2 a factor of i?
True
Suppose -23167 + 5894 = -23*k. Does 5 divide k?
False
Suppose 60*k - 56*k = h, -k = -1. Suppose 0 = -2*o - 12*s + 8*s + 2388, -h*o - s = -4797. Is o a multiple of 34?
False
Suppose -153 = -4*n - m + 22, -m = -5*n + 230. Let r be 3/(-5) + 19017/n. Let k = r - 228. Is k a multiple of 22?
False
Let c(i) = 36*i**2 + 20*i. Let n be c(-6). Suppose -9*m + m + n = 0. Is 7 a factor of m?
True
Suppose 24 = -4*g + 8*g. Suppose -g*v - 7 = 5. Is 2 a factor of ((-42)/(-4))/((-3)/2 - v)?
False
Is 99 a factor of ((-220)/(-1650) - (-102553)/15) + (-6)/1?
True
Let x = -6254 - -6656. Does 6 divide x?
True
Suppose -22 + 1921 = 3*r - 4*q, 0 = 3*r - q - 1899. Suppose 3*u + 5*v = 1946, -5*v = u + 1 - r. Is u a multiple of 9?
True
Suppose -5*s = -6*s - 7. Let r(a) = 10*a + 22. Let u be r(s). Let p = u + 80. Is p a multiple of 8?
True
Suppose u - 4*w = -187 + 35, -3*u - 2*w - 526 = 0. Let c = u + 319. Is 12 a factor of c?
False
Let i(t) = 12*t**2 - 56*t + 336. Is i(19) a multiple of 17?
True
Suppose 4*i + 6846 = 3*w, 8*w + 11436 = 13*w + 2*i. Is 76 a factor of w?
False
Let x be (-1 + 1)*(-4 - (-7)/2). Is 14 a factor of x/(-1) - (-8 + (-480)/3)?
True
Let r be (-5 - -7)*4*13. Let p = 112 - r. Does 13 divide p/40 + 1298/10?
True
Does 24 divide ((-16524)/45)/(33/(-220))?
True
Let c = 78604 + -39747. Suppose -15*h = -76*h + c. Does 29 divide h?
False
Suppose 0 = 2*o + 5*y - 28, y - 17 = -o - 3. Is 14 a factor of o?
True
Suppose -5*l - 69 - 68 = 4*c, -5*c + 2*l = 130. Let j = 28 + c. Suppose -10*g + 528 + 592 = j. Does 19 divide g?
False
Let z(x) = -3*x**3 - 6*x**2 + 8*x + 8. Let v be z(-5). Suppose -v = -k + 10*i - 6*i, -4*k + 2*i = -828. Suppose -79 - k = -8*p. Is 6 a factor of p?
True
Let h = -96 + 128. Does 19 divide 59 - (h/18 - (-6)/27)?
True
Let i = -61 + 66. Let a be (-350)/(-2)*2/i. Suppose -60*w - a = -62*w. Is 7 a factor of w?
True
Let z(d) = 6*d**2 - 249*d + 108. Does 45 divide z(54)?
False
Let n(o) be the second derivative of 0 + 23*o + 5/6*o**3 + 44*o**2. Does 14 divide n(0)?
False
Suppose 15*l = -29*l + 60236. Is l a multiple of 19?
False
Let w be -2095 - (1 + -3 + 7). Let j be -5 + (-13)/(26/w). Suppose 5*n + j = 16*n. Is 9 a factor of n?
False
Suppose -4*a - 2*y + 2297 - 23 = 0, 0 = -3*a + 4*y + 1689. Suppose 9 = 12*x - a. Is 9 a factor of x?
False
Let a(p) be the third derivative of p**5/60 + p**4/2 - 11*p**3/2 - p**2 - 1. Let u = -59 + 42. Is 28 a factor of a(u)?
False
Let l(m) = -2*m**2 - 6*m + 3. Let y be l(-4). Is ((-25)/y + -4)*(1 + 27) a multiple of 19?
False
Let n(i) = 667*i**2 - 9*i + 19. Does 32 divide n(3)?
False
Let f(k) = 11*k + 34. Let y be f(2). Suppose -4*r = -3*v + 251, 5*r - 177 - y = -3*v. Does 6 divide v?
False
Suppose -2075 = -5*m + 5*c, 0 = 3*m - 4*m - 4*c + 390. Let j be 2/(-3)*(-20 + 446). Let o = j + m. Is o a multiple of 21?
True
Let r(c) = 226*c + 386. Does 21 divide r(12)?
False
Suppose 4*p - 57 = -37. Suppose -3*u + 27 = d, 0*d = p*d - 5*u - 215. Does 3 divide d?
True
Let b be 1/8*28*16/14. Let u(v) = 2*v**3 + 8*v**2 - 5*v - 5. Does 33 divide u(b)?
True
Suppose 28 = 4*r + 4*b, -b + 6 = -4*b. Let v be 3*4*r/12. Does 14 divide (-66)/(-8)*132/v?
False
Let b = -282 + 553. Suppose 2*y + b = c, -2*y + 0*y = 4*c - 1094. Does 30 divide c?
False
Let c be (25/10)/5*0 - -21. Suppose -r - c = -27. Is r a multiple of 2?
True
Suppose 0 = 2*p + 2*f - 8606, -5*p + 36*f + 21495 = 31*f. Is p a multiple of 17?
True
Let w = -414 - -943. Let o = -453 + w. Does 3 divide o?
False
Let q = 41 - 34. Suppose 11*c - 300 = q*c. Is c a multiple of 15?
True
Let f(q) = -q**3 - 11*q**2 - 11*q - 4. Let o be f(-10). Is 16 a factor of (2 - o)/(0 + (-1)/8)?
True
Let t(o) = -o**3 - 5*o**2 - o - 1. Let y be t(-5). Let u be (-17)/(-6) + y/24. Is 6*(u - 3/(-2)) a multiple of 7?
False
Suppose -5*y + 588 = -y. Suppose 3*q = 5*p - 433, 344 = 6*p - 2*p - 3*q. Let l = y - p. Does 11 divide l?
False
Let h be 4119/(-5) - 3/(-75)*-5. Let d = h + 1381. Let p = d + -319. Is p a multiple of 14?
True
Let c(r) = -16*r + 2. Let w be c(2). Suppose 4*y + 5 = -12*u + 13*u, -4*u - 22 = 5*y. Let o = y - w. Is o a multiple of 7?
True
Let k be 2/8 + (-165)/(-60). Suppose -k*t + 8 = -l + 3*l, 3*t = 3*l - 12. Does 15 divide 46 + (l - 1)/(-3)?
True
Let j = -2430 - -2433. Let a be -44*(1 + -2)*12. Suppose -a + 1401 = j*m. Is m a multiple of 14?
False
Suppose 0 = 2*p - l + 25, -2*p + p + l = 11. Let i(c) be the second derivative of c**5/20 + 5*c**4/4 + 5*c**3/2 + 17*c**2/2 + 24*c + 2. Is i(p) a multiple of 3?
True
Let d(q) = q + 8. Let b(z) = -z + 1. Let f(k) = -6*b(k) + 3*d(k). Let y(a) = -a**3 + 6*a**2 - 3*a - 4. Let s be y(5). Is f(s) a multiple of 18?
True
Suppose -4*m - 16 = 0, -714*m - 7266 = -k - 716*m. Is k a multiple of 14?
False
Suppose -4*i + 3*k - 122 - 14 = 0, -3*i - k - 89 = 0. Suppose -3*d = 3*n - 141, -3*n + 3*d - 7*d = -139. Let m = i + n. Is 4 a factor of m?
False
Let u(p) = 11*p**3 + 3*p**2 - 20*p - 2478. Let g(l) = 7*l**3 + 2*l**2 - 13*l - 1653. Let z(d) = -8*g(d) + 5*u(d). Is 14 a factor of z(0)?
False
Let s = -7 - -10. Let p = -2714 + 2716. Suppose -3*f - 549 = -s*c, -426 - 304 = -4*c + p*f. Is 24 a factor of c?
False
Suppose -4*a = -3*r + 7732, -4*r = 3*r - 4*a - 18020. Is r a multiple of 10?
False
Let m(q) = q**3 - 7*q**2 + 11*q - 21. Let l be m(9). Suppose 5*f = f + l. Does 20 divide f?
True
Let i = -18407 + 47870. Does 126 divide i?
False
Let u(r) = -8*r**3 + 9*r**2 + 269*r + 47. Is 123 a factor of u(-11)?
False
Suppose -4*l - 719 = -c, -2*c - l + 871 + 603 = 0. Suppose 5*p - d = 1253, -p - 5*d + c = 2*p. Suppose 6*u - p = -52. Does 33 divide u?
True
Let m be 3 + -4 + 3 + 3. Suppose i - 2*i + 4*q = -69, -m*q - 132 = -2*i. Let v = i - 26. Is 7 a factor of v?
True
Let i be (-3)/12 - (-117)/36. Is (i + (-91)/35)*115 a multiple of 5?
False
Does 81 divide (6944/310 + 1*-8)*(0 + 45)?
True
Let i(f) be the first derivative of -135*f**2/2 + 29*f + 5. Is i(-6) a multiple of 15?
False
Let k = -35 - -309. Let u = k - 137. Is 16 a factor of u?
False
Let v(l) = 87*l**3 + 2*l**2 - 27*l + 70. Is 34 a factor of v(3)?
False
Suppose -78*u = 43*u - 1346246. Does 291 divide u?
False
Suppose -4*m = -420 - 1420. Suppose 6*a + 4*a = -m. Let i = a + 82. Is i a multiple of 6?
True
Suppose -5*p + 1517 + 4036 = -l, 5*l - 10 = 0. Does 11 divide p?
True
Suppose -12*z = -13*z - 27. Let u = z + 29. Does 9 divide u/(-15) + 2584/30?
False
Let u = 368 - -1741. Is u a multiple of 16?
False
Let c(k) = 123*k - 324. Let f be c(7). Let i(o) = -o + 12. Let h be i(12). Suppose -20*t + 17*t + f = h. Is 36 a f